
12
Convert -35 (base 11) to base 16.
-26
1 (base 16) to base 11
1
What is -11 (base 6) in base 12?
-7
-7 (base 16) to base 9
-7
Convert -2042 (base 5) to base 8.
-420
Convert -17 (base 12) to base 5.
-34
Convert -114 (base 6) to base 9.
-51
Convert -10 (base 2) to base 3.
-2
5 (base 13) to base 3
12
What is d (base 16) in base 6?
21
Convert -74 (base 11) to base 12.
-69
Convert 0 (base 3) to base 12.
0
7 (base 16) to base 9
7
Convert -1101 (base 2) to base 16.
-d
What is -2 (base 8) in base 3?
-2
Convert a (base 11) to base 7.
13
Convert -1 (base 8) to base 6.
-1
5d (base 16) to base 2
1011101
-100000 (base 2) to base 10
-32
3c (base 13) to base 6
123
0 (base 8) to base 9
0
Convert 27 (base 15) to base 6.
101
Convert 7 (base 8) to base 14.
7
What is 220 (base 3) in base 11?
22
What is 11 (base 2) in base 12?
3
What is -5 (base 7) in base 6?
-5
What is -2 (base 9) in base 11?
-2
Convert 10021 (base 3) to base 11.
80
107 (base 8) to base 12
5b
Convert 4 (base 8) to base 10.
4
-bc (base 14) to base 7
-325
What is 12 (base 11) in base 10?
13
1021 (base 3) to base 16
22
-240 (base 7) to base 2
-1111110
Convert 93 (base 10) to base 11.
85
Convert -2 (base 13) to base 10.
-2
Convert 3 (base 14) to base 15.
3
-13 (base 14) to base 15
-12
-3 (base 13) to base 16
-3
What is -3 (base 16) in base 9?
-3
What is -1 (base 2) in base 16?
-1
Convert -34 (base 9) to base 13.
-25
a2 (base 13) to base 7
246
10 (base 6) to base 7
6
What is -120 (base 3) in base 2?
-1111
Convert -5 (base 16) to base 2.
-101
What is -11 (base 11) in base 4?
-30
What is 103 (base 4) in base 8?
23
Convert -7 (base 9) to base 10.
-7
What is 4 (base 7) in base 12?
4
What is -2d (base 16) in base 13?
-36
What is -7 (base 12) in base 3?
-21
What is 13 (base 6) in base 4?
21
What is 72 (base 14) in base 7?
202
-3 (base 9) to base 7
-3
What is a0 (base 14) in base 15?
95
Convert 13 (base 4) to base 6.
11
Convert 5 (base 16) to base 11.
5
Convert 11 (base 4) to base 2.
101
Convert 1a (base 12) to base 7.
31
What is 233 (base 6) in base 10?
93
Convert -43 (base 10) to base 9.
-47
What is -1c (base 15) in base 16?
-1b
114 (base 5) to base 3
1021
Convert 2 (base 5) to base 2.
10
Convert -10110000 (base 2) to base 13.
-107
Convert -10 (base 13) to base 5.
-23
-120 (base 8) to base 12
-68
-4 (base 5) to base 10
-4
What is -1 (base 11) in base 9?
-1
What is -2 (base 14) in base 15?
-2
What is 72 (base 12) in base 9?
105
What is -35 (base 10) in base 8?
-43
16 (base 12) to base 13
15
Convert 0 (base 15) to base 4.
0
Convert 10 (base 7) to base 4.
13
-125 (base 7) to base 6
-152
Convert 0 (base 7) to base 15.
0
Convert 221 (base 4) to base 6.
105
Convert 1221 (base 6) to base 15.
151
-2 (base 15) to base 4
-2
-2 (base 8) to base 9
-2
Convert 103 (base 15) to base 8.
344
What is 10000000 (base 2) in base 8?
200
Convert -5 (base 10) to base 3.
-12
Convert 3 (base 14) to base 7.
3
300 (base 4) to base 8
60
-8 (base 14) to base 10
-8
What is -57 (base 16) in base 15?
-5c
What is -6 (base 10) in base 4?
-12
What is 3 (base 9) in base 5?
3
1010 (base 2) to base 16
a
Convert 12 (base 6) to base 10.
8
What is -ec (base 16) in base 6?
-1032
What is -6b (base 14) in base 5?
-340
3 (base 10) to base 13
3
-94 (base 13) to base 10
-121
-1013 (base 5) to base 11
-111
301 (base 5) to base 2
1001100
4 (base 14) to base 6
4
What is -2 (base 11) in base 6?
-2
Convert 1002 (base 5) to base 6.
331
What is -1 (base 7) in base 9?
-1
Convert -1034 (base 7) to base 12.
-268
4 (base 5) to base 6
4
What is -38 (base 15) in base 14?
-3b
Convert 210 (base 7) to base 6.
253
Convert -1 (base 3) to base 8.
-1
Convert 243 (base 9) to base 4.
3021
-45 (base 9) to base 11
-38
What is -48 (base 12) in base 10?
-56
Convert 545 (base 6) to base 3.
21202
Convert ba (base 12) to base 5.
1032
What is 0 (base 2) in base 7?
0
Convert 101 (base 4) to base 15.
12
What is 1 (base 15) in base 6?
1
127 (base 11) to base 8
226
Convert 32 (base 15) to base 12.
3b
Convert 2 (base 12) to base 4.
2
What is 6 (base 11) in base 9?
6
What is 1005 (base 6) in base 11?
191
Convert -a5 (base 14) to base 15.
-9a
-140 (base 8) to base 12
-80
2 (base 3) to base 12
2
What is 1a (base 15) in base 16?
19
-10001110 (base 2) to base 13
-ac
9 (base 10) to base 2
1001
What is 3 (base 4) in base 10?
3
-5 (base 9) to base 14
-5
Convert -400 (base 9) to base 3.
-110000
-100010 (base 2) to base 4
-202
Convert -6 (base 11) to base 12.
-6
5 (base 7) to base 16
5
Convert 4 (base 14) to base 16.
4
-3 (base 9) to base 2
-11
What is 2 (base 12) in base 5?
2
What is -8 (base 15) in base 3?
-22
-9 (base 14) to base 8
-11
What is 0 (base 15) in base 2?
0
Convert 3 (base 16) to base 3.
10
What is -11123 (base 4) in base 5?
-2342
Convert 501 (base 7) to base 6.
1050
22 (base 9) to base 10
20
0 (base 12) to base 6
0
What is -122 (base 12) in base 10?
-170
Convert -102112 (base 3) to base 5.
-2221
What is bd (base 15) in base 14?
ca
10010 (base 2) to base 10
18
Convert 1 (base 11) to base 15.
1
Convert 190 (base 15) to base 2.
101101000
What is a9 (base 11) in base 2?
1110111
Convert 147 (base 10) to base 4.
2103
2 (base 8) to base 9
2
Convert -3 (base 6) to base 11.
-3
2 (base 16) to base 2
10
What is 9 (base 13) in base 4?
21
-b (base 15) to base 13
-b
25 (base 7) to base 15
14
What is -16 (base 16) in base 15?
-17
Convert 44 (base 6) to base 5.
103
Convert -1202 (base 3) to base 16.
-2f
What is -16 (base 13) in base 12?
-17
-60 (base 7) to base 10
-42
Convert 1ad (base 14) to base 16.
15d
Convert -7 (base 15) to base 16.
-7
232 (base 5) to base 7
124
What is 26 (base 8) in base 9?
24
-10 (base 12) to base 10
-12
1210 (base 4) to base 16
64
Convert 0 (base 8) to base 11.
0
Convert -1 (base 11) to base 5.
-1
What is -1 (base 12) in base 7?
-1
4 (base 7) to base 5
4
What is 1 (base 13) in base 3?
1
Convert -2 (base 6) to base 10.
-2
-6 (base 7) to base 13
-6
What is -2 (base 8) in base 16?
-2
Convert 11 (base 3) to base 2.
100
Convert -222 (base 9) to base 3.
-20202
What is -23 (base 11) in base 12?
-21
-23 (base 11) to base 6
-41
Convert -13 (base 5) to base 4.
-20
What is db (base 14) in base 9?
234
What is 113 (base 10) in base 11?
a3
Convert -1110111 (base 2) to base 5.
-434
21 (base 10) to base 9
23
Convert -273 (base 9) to base 13.
-147
Convert 10001 (base 2) to base 4.
101
-22 (base 7) to base 13
-13
Convert 0 (base 9) to base 7.
0
What is 245 (base 8) in base 4?
2211
-1 (base 2) to base 13
-1
What is 16 (base 16) in base 8?
26
What is 14 (base 5) in base 13?
9
Convert -100 (base 2) to base 15.
-4
Convert 4 (base 16) to base 11.
4
-8 (base 9) to base 4
-20
Convert -21 (base 14) to base 7.
-41
Convert 9 (base 10) to base 7.
12
What is 45 (base 9) in base 3?
1112
Convert 23 (base 5) to base 3.
111
Convert 2 (base 14) to base 15.
2
What is 2 (base 4) in base 3?
2
Convert 3 (base 12) to base 2.
11
Convert -12 (base 3) to base 11.
-5
Convert -4 (base 12) to base 10.
-4
-3 (base 14) to base 5
-3
Convert d (base 14) to base 5.
23
124 (base 9) to base 4
1213
1 (base 11) to base 12
1
Convert -332 (base 4) to base 13.
-4a
Convert 12 (base 7) to base 10.
9
Convert -10 (base 11) to base 13.
-b
-20 (base 4) to base 8
-10
2 (base 9) to base 13
2
-c (base 15) to base 8
-14
-373 (base 8) to base 13
-164
-1 (base 11) to base 7
-1
What is b6 (base 14) in base 9?
187
What is -48 (base 13) in base 4?
-330
-1001110 (base 2) to base 11
-71
Convert 100 (base 2) to base 9.
4
Convert 3 (base 9) to base 10.
3
Convert -1012 (base 3) to base 6.
-52
What is 0 (base 9) in base 14?
0
What is 1010 (base 2) in base 5?
20
Convert -b7 (base 14) to base 3.
-12222
6 (base 9) to base 2
110
Convert 101 (base 6) to base 13.
2b
Convert -30 (base 7) to base 3.
-210
What is 31 (base 11) in base 13?
28
Convert 2 (base 5) to base 11.
2
What is -4b (base 12) in base 7?
-113
Convert 111 (base 3) to base 12.
11
What is c (base 15) in base 2?
1100
Convert -19 (base 11) to base 2.
-10100
What is -102 (base 4) in base 9?
-20
Convert 1 (base 4) to base 5.
1
What is 11 (base 6) in base 16?
7
Convert -7 (base 9) to base 5.
-12
What is -1010 (base 2) in base 8?
-12
Convert -102 (base 4) to base 2.
-10010
15 (base 8) to base 14
d
58 (base 14) to base 4
1032
What is 80 (base 12) in base 9?
116
-3 (base 4) to base 5
-3
Convert